se 5*u = -3*k + 468, 3*u - 3*k = -8*k + 284. List the prime factors of u.
3, 31
Let k = -1 + 4. Let j = -99 + 102. Suppose -k*i - 3*h - j = -21, 27 = 2*i - 3*h. List the prime factors of i.
3
Suppose -6*x + 2*x = -8. Let w = 0 + 2. List the prime factors of (x/(-4))/(w/(-8)).
2
Let q = -67 - -100. What are the prime factors of q?
3, 11
Let g = 9 + -3. Let x(o) = -3*o + 0*o**3 - o**3 - g*o**2 - 4 - 4. What are the prime factors of x(-6)?
2, 5
Let u = 16 - 16. Suppose 4*d = -u*d + 120. What are the prime factors of d?
2, 3, 5
Let d(n) = -7*n + 4. List the prime factors of d(-3).
5
Suppose -b + 6*b = 35. Let j(o) = o + 1. What are the prime factors of j(b)?
2
What are the prime factors of (0 + 2)*(-328)/(-16)?
41
Let i = 0 + 0. Suppose 0*y + 2*y = f + 1, 0 = -4*f + 2*y - 4. What are the prime factors of (-44)/(-4) + (f - i)?
2, 5
Suppose w = t - 82, 0 = -4*t - 2*w + 450 - 98. List the prime factors of t.
2, 43
Let a be (6/4)/((-2)/(-4)). Suppose a + 3 = o. List the prime factors of o.
2, 3
Let t be 1*8/(-2) + -2. Let a = 34 + -20. Let p = a + t. List the prime factors of p.
2
Suppose -4*s = 2*f - 16, -1 - 13 = -3*f - 4*s. Let d(k) = 7*k**2 - 2*k - 2. What are the prime factors of d(f)?
2, 3, 5
Suppose 0*b + 5*h = 5*b - 400, -4*b = 2*h - 338. What are the prime factors of b?
83
Suppose 4*a - 132 = -0*a. List the prime factors of a.
3, 11
Let r be (-81 + -3)*2/4. Let p = -28 - r. Suppose -5*k = p - 69. What are the prime factors of k?
11
Let c = -2 + 2. Let o = -11 + 14. What are the prime factors of c - (-6)/9*o?
2
Let i = 125 - 60. What are the prime factors of i?
5, 13
Suppose 15 = -3*t, -2*s + 2*t + 101 = 3*t. Let a = 1 + 2. Suppose 0 = f - 0*o - 2*o - 17, -4*f = -a*o - s. List the prime factors of f.
11
Suppose -15*w - 142 = -17*w. What are the prime factors of w?
71
Let y(w) = 2*w**2 + 9*w + 4. Let f be y(-7). Suppose 5*l = 124 - f. What are the prime factors of l?
17
Let q = 22 - 2. Suppose 6*t - t = q. What are the prime factors of t?
2
Let p = 10 + -1. What are the prime factors of p?
3
Suppose 5*z - 1038 = -423. List the prime factors of z.
3, 41
Let k(i) = -i**3 + 9*i**2 - 8*i + 2. List the prime factors of k(8).
2
Let d(z) = -3*z + 9. Let h be d(7). Let k be 209/(-9) + (-2)/(-9). Let y = h - k. List the prime factors of y.
11
Let x be (-62)/(-2 - (0 + 0)). Suppose -o + 2*c + 75 = 2*o, -2*o - 5*c = -x. List the prime factors of o.
23
Suppose -4*i = -3*d + 10, 4*d - 4*i = -9*i + 3. Suppose 6 = d*l - 32. Suppose 0 = -3*t + 20 + l. List the prime factors of t.
13
Let u(z) = z**3 - 10*z**2 - 16*z - 28. List the prime factors of u(13).
271
Suppose -5*j + 537 = 4*s - 8*j, j = s - 135. List the prime factors of s.
2, 3, 11
Suppose -4*t = -5 - 11. Suppose 0 = -t*n - z + 3*z - 8, 0 = 4*n - 4*z. Let f = 9 - n. List the prime factors of f.
13
Suppose -j = x - 150, 0 = -j + 2*x + x + 134. What are the prime factors of j?
2, 73
Let b = -35 - -76. List the prime factors of b.
41
Suppose 2*g + 10 = 4*o, 2*o + 0 = -3*g + 17. What are the prime factors of o?
2
Suppose 4*u - 56 = 3*u. Suppose 0 = -5*w - 1 + u. List the prime factors of w.
11
What are the prime factors of (-10)/(36/10 - 4)?
5
Suppose -3*p + 744 = 3*u, -5*p + 1256 = -4*u + u. What are the prime factors of p?
2, 5
What are the prime factors of (-17)/((-136)/16) + (140 - -1)?
11, 13
Let j be (2/(-3))/1*-12. List the prime factors of (j/(-6))/(1/(-15)).
2, 5
Let d = -232 - -348. What are the prime factors of d?
2, 29
Let i(o) = 3*o + 14. Let u = -3 - -13. Let h be i(u). What are the prime factors of 316/h + 2/(-11)?
7
Suppose 5*y = f - 7, 9 = f + 3*y - 6. Suppose -12 - f = -4*m. Let g(j) = -j**2 + 9*j - 9. List the prime factors of g(m).
3
What are the prime factors of (-647)/(-5) - (-28)/(-70)?
3, 43
Let u(t) be the first derivative of 1/3*t**3 + 9*t - 2 + 1/2*t**2. What are the prime factors of u(0)?
3
Suppose -2*v - v + 12 = 0. Suppose 32 = 4*s - v*f, 0 = 5*s - f + 3*f - 26. List the prime factors of s.
2, 3
Suppose -2*u - 9 = -3*u. Suppose 2*m - u = 15. What are the prime factors of m?
2, 3
Let x be (3/(-4))/(7/(-28)). Suppose -x*m + 82 = -4*v, 3*v - 40 = -2*m + 2*v. What are the prime factors of m + 1*(-4 + 1)?
19
Let m be 44/12 + 2/(-3). Let i = m + -2. What are the prime factors of (-2)/(-4)*(9 - i)?
2
Suppose -5 = -2*b - q, 14 = 5*b + q - 0*q. Let n(d) = -4*d**2 + 0*d**b - d + 5 + 6*d - d**3. List the prime factors of n(-5).
5
Suppose 0 = -2*j + 6, -j - 107 = 5*g + 295. What are the prime factors of (0 + (-1)/3)*g?
3
Let a(v) = v**2 - 5*v + 9. Let z be a(4). What are the prime factors of 51 + z + (-3 - 0)?
53
Suppose -i + 5*i - 4*c = 0, -2*i = 3*c - 20. Suppose -i*j + 21 = -55. What are the prime factors of j?
19
Let u = -28 - -40. List the prime factors of ((-40)/u)/(1/(-3)).
2, 5
Suppose 3*d + 267 = 2*t, -t = -4*t - 5*d + 410. What are the prime factors of t?
3, 5
Let t be (-6)/5*(-25)/10. Let z = 1 - t. What are the prime factors of (z/1)/2 + 9?
2
Suppose -4*p = 5 - 21. Let c(l) = -l + 3. Let d be c(p). What are the prime factors of d*(2 + -15 + 2)?
11
Suppose 2*i + 0*i + g = 41, 4*i + 5*g - 79 = 0. Let a = i + -7. List the prime factors of a.
2, 7
Let z = -145 + 276. What are the prime factors of z?
131
Let i be (0/(1 + 0))/(-2). Let k = i - -5. What are the prime factors of k?
5
Suppose 0*m - 148 = -4*m. What are the prime factors of m?
37
Let v(b) = b**2 - 3*b - 6. Let a(o) = 5*o. Let i be a(1). Let x be v(i). Suppose x*r = 59 - 3. List the prime factors of r.
2, 7
Let a = 27 + -22. Suppose 181 = 5*w + 4*m, 4*w - 153 = -0*w + a*m. List the prime factors of w.
37
What are the prime factors of 920/28 + 2/14?
3, 11
Suppose 0 = 3*d + v - 347, 2*d - 43 - 183 = 2*v. List the prime factors of d.
5, 23
Let t = -102 - -153. Suppose 0 = m - 4*m + t. What are the prime factors of m?
17
Suppose -3*u - 12 = 0, -o + 0*u + 5*u = -30. Suppose 0 = -2*n - 0 + o. Suppose -5 - n = -g. List the prime factors of g.
2, 5
Let l be (-20)/8*8/10. Let w = l + 6. What are the prime factors of ((-6)/w + 1)*-30?
3, 5
Suppose -2*o + 82 = 16. What are the prime factors of o?
3, 11
Let h be (10/(-6))/(1/27). List the prime factors of ((-38)/(-6))/((-15)/h).
19
Let a(u) = -u**3 - 9*u**2 + 9*u - 7. Let f(w) = -w**2 + 4*w + 3. Let g be f(6). Let t be (39/g - -1)*3. List the prime factors of a(t).
3
Suppose -6 = 3*y + 3*u, -y + 8 = -2*u - 2*u. What are the prime factors of 25*(y - 2 - -3)?
5
Let u be (-60)/(-8)*(-4)/(-5). List the prime factors of (16/u)/((-14)/(-63)).
2, 3
Let o(z) = z**2 + z. Let u(d) = 5*d**2 + 5*d + 5. Let n(m) = -6*o(m) + u(m). Let p be n(0). What are the prime factors of (5/p)/(1/13)?
13
Let y(d) = 3*d - 2. Let t be y(-2). List the prime factors of (t - (6 - 3))/(-1).
11
Let p = -16 - -20. Suppose 4*c - p*b - 125 = -5, -3*b + 60 = 3*c. What are the prime factors of c?
5
Suppose 4*u + 104 = -4*s + 380, 0 = -u + 2*s + 72. List the prime factors of u.
2, 5, 7
Suppose 7 = -5*b + 3*l, -1 + 7 = 2*b + l. What are the prime factors of (-11)/(-1 + 1 - b)?
11
Let a(p) = -p**3 + 4*p**2 + 4*p - 3. Let f be a(5). Let c = -28 - f. List the prime factors of (-5)/c + 15/4.
2
Let d be (33/(-3)*1)/1. Let f = d + 17. What are the prime factors of f?
2, 3
Suppose d - 57 = 74. Suppose 2*q = 4, 6*i + 3*q = i + d. Suppose 2*j - i = -3*j. List the prime factors of j.
5
Let q(h) = -h**3 - 5*h**2 + 5*h + 6. Let y be q(-6). Suppose 51 = 3*u + y. List the prime factors of u.
13
Let c(n) = n**3 + 7*n**2 + 6*n + 2. Let i be c(-6). Suppose r = -i*r. Suppose -3*q + 30 = -r*q. What are the prime factors of q?
2, 5
Let l(y) = y + 2*y**3 - 4 + 0 + 2 + 4*y**3. List the prime factors of l(1).
5
Suppose -2*i + 2 = 2*u, -i = -2*u - 0*i - 1. Suppose u = -s + 19 - 7. What are the prime factors of s?
2, 3
Let y(o) = -5 - 17*o + 5*o - o**2 - 4 - 4. What are the prime factors of y(-10)?
7
Let z(v) = 15*v + 42. What are the prime factors of z(10)?
2, 3
Let z(t) be the third derivative of -t**5/60 - t**4/6 + t**3 - 2*t**2. Let v be z(-5). Let r = v + 4. What are the prime factors of r?
5
Let a = 48 + -34. What are the prime factors of a?
2, 7
Suppose 4*m + 72 = -12. Let y = 38 + m. What are the prime factors of y?
17
Suppose -2 - 7 = -3*d. Suppose -m + d = -0*m. List the prime factors of m.
3
List the prime factors of 1/(-2) - 237/(-